ens digit of 11382?
8
What is the hundreds digit of 9911?
9
What is the units digit of 117?
7
What is the tens digit of 60095?
9
What is the hundreds digit of 666?
6
What is the tens digit of 882?
8
What is the ten thousands digit of 98175?
9
What is the hundreds digit of 24489?
4
What is the hundreds digit of 1443?
4
What is the hundreds digit of 6011?
0
What is the units digit of 5185?
5
What is the units digit of 1409?
9
What is the thousands digit of 20399?
0
What is the thousands digit of 11230?
1
What is the hundreds digit of 1066?
0
What is the tens digit of 20162?
6
What is the units digit of 5617?
7
What is the hundreds digit of 2358?
3
What is the tens digit of 1327?
2
What is the hundreds digit of 13657?
6
What is the units digit of 1201?
1
What is the tens digit of 16517?
1
What is the units digit of 3914?
4
What is the thousands digit of 4385?
4
What is the hundreds digit of 52302?
3
What is the tens digit of 19759?
5
What is the hundreds digit of 60713?
7
What is the thousands digit of 13473?
3
What is the thousands digit of 1292?
1
What is the ten thousands digit of 41794?
4
What is the hundreds digit of 4830?
8
What is the ten thousands digit of 40923?
4
What is the units digit of 707?
7
What is the ten thousands digit of 16544?
1
What is the hundreds digit of 60692?
6
What is the thousands digit of 2785?
2
What is the thousands digit of 15654?
5
What is the thousands digit of 1618?
1
What is the units digit of 104441?
1
What is the units digit of 2340?
0
What is the hundreds digit of 38449?
4
What is the hundreds digit of 393?
3
What is the tens digit of 47?
4
What is the tens digit of 5778?
7
What is the tens digit of 137086?
8
What is the hundreds digit of 14254?
2
What is the tens digit of 2571?
7
What is the ten thousands digit of 45074?
4
What is the thousands digit of 3059?
3
What is the units digit of 37249?
9
What is the hundreds digit of 9657?
6
What is the units digit of 20731?
1
What is the tens digit of 332?
3
What is the hundreds digit of 25977?
9
What is the hundreds digit of 1598?
5
What is the tens digit of 238?
3
What is the tens digit of 4301?
0
What is the thousands digit of 4275?
4
What is the thousands digit of 14060?
4
What is the thousands digit of 4067?
4
What is the units digit of 745?
5
What is the hundreds digit of 840?
8
What is the hundreds digit of 76026?
0
What is the units digit of 10?
0
What is the hundreds digit of 8244?
2
What is the tens digit of 1399?
9
What is the thousands digit of 52275?
2
What is the units digit of 66157?
7
What is the tens digit of 5606?
0
What is the tens digit of 715?
1
What is the units digit of 270?
0
What is the hundreds digit of 9401?
4
What is the units digit of 9220?
0
What is the hundreds digit of 19491?
4
What is the hundred thousands digit of 208625?
2
What is the units digit of 3166?
6
What is the thousands digit of 6643?
6
What is the tens digit of 2744?
4
What is the tens digit of 1276?
7
What is the tens digit of 743?
4
What is the thousands digit of 38820?
8
What is the tens digit of 552?
5
What is the tens digit of 3916?
1
What is the thousands digit of 16781?
6
What is the tens digit of 2685?
8
What is the units digit of 965?
5
What is the tens digit of 2442?
4
What is the hundreds digit of 5383?
3
What is the hundreds digit of 2589?
5
What is the hundreds digit of 635?
6
What is the thousands digit of 21593?
1
What is the tens digit of 748?
4
What is the tens digit of 345?
4
What is the units digit of 15804?
4
What is the thousands digit of 8190?
8
What is the hundreds digit of 771?
7
What is the thousands digit of 5100?
5
What is the tens digit of 96094?
9
What is the hundreds digit of 336?
3
What is the hundreds digit of 2454?
4
What is the units digit of 7013?
3
What is the thousands digit of 51324?
1
What is the thousands digit of 1077?
1
What is the thousands digit of 31127?
1
What is the units digit of 179?
9
What is the ten thousands digit of 45971?
4
What is the units digit of 7725?
5
What is the units digit of 114295?
5
What is the hundreds digit of 227?
2
What is the hundreds digit of 6040?
0
What is the units digit of 3?
3
What is the hundreds digit of 365?
3
What is the tens digit of 22555?
5
What is the hundreds digit of 10753?
7
What is the units digit of 5550?
0
What is the units digit of 1765?
5
What is the tens digit of 16532?
3
What is the tens digit of 15198?
9
What is the thousands digit of 12692?
2
What is the units digit of 5269?
9
What is the tens digit of 27?
2
What is the hundreds digit of 8412?
4
What is the thousands digit of 12193?
2
What is the thousands digit of 1610?
1
What is the tens digit of 8178?
7
What is the tens digit of 54?
5
What is the tens digit of 3008?
0
What is the hundreds digit of 2474?
4
What is the hundreds digit of 5299?
2
What is the thousands digit of 57967?
7
What is the units digit of 17460?
0
What is the units digit of 2095?
5
What is the thousands digit of 133532?
3
What is the thousands digit of 1411?
1
What is the hundreds digit of 40063?
0
What is the units digit of 544?
4
What is the units digit of 8538?
8
What is the units digit of 3661?
1
What is the tens digit of 1462?
6
What is the thousands digit of 3936?
3
What is the units digit of 3199?
9
What is the tens digit of 5782?
8
What is the units digit of 1545?
5
What is the tens digit of 1047?
4
What is the units digit of 2324?
4
What is the thousands digit of 2281?
2
What is the thousands digit of 41720?
1
What is the thousands digit of 1075?
1
What is the hundreds digit of 1704?
7
What is the ten thousands digit of 14935?
1
What is the units digit of 42243?
3
What is the tens digit of 10?
1
What is the thousands digit of 147848?
7
What is the tens digit of 37082?
8
What is the tens digit of 22934?
3
What is the units digit of 11354?
4
What is the hundreds digit of 2048?
0
What is the tens digit of 24156?
5
What is the units digit of 1213?
3
What is the hundreds digit of 133568?
5
What is the hundreds digit of 14021?
0
What is the tens digit of 2695?
9
What is the hundreds digit of 108931?
9
What is the units digit of 9256?
6
What is the units digit of 818?
8
What is the units digit of 8729?
9
What is the thousands digit of 16131?
6
What is the tens digit of 104?
0
What is the thousands digit of 1829?
1
What is the units digit of 1158?
8
What is the hundreds digit of 2147?
1
What is the thousands digit of 3091?
3
What is the thousands digit of 14183?
4
What is the tens digit of 54815?
1
What is the ten thousands digit of 161756?
6
What is the tens digit of 52261?
6
What is the hundreds digit of 12634?
6
What is the hundreds digit of 4161?
1
What is the tens digit of 46?
4
What is the units digit of 23895?
5
What is the hundreds digit of 140163?
1
What is the hundreds digit of 13397?
3
What is the tens digit of 764?
6
What is the tens digit of 227?
2
What is the tens digit of 754?
5
What is the hundreds digit of 811?
8
What is the units digit of 9576?
6
What is the tens digit of 6693?
9
What is the hundreds digit of 43171?
1
What is the tens digit of 2338?
3
What is the units digit of 51042?
2
What is the hundreds digit of 286?
2
What is the thousands digit of 5453?
5
What is the thousands digit of 2463?
2
What is the units digit of 6581?
1
What is the ten thousands digit of 104292?
0
What is the hundreds digit of 7237?
2
What is the units digit of 119?
9
What is the units digit of 49508?
8
What is the hundreds digit of 30044?
0
What is the tens digit of 15645?
4
What is the units digit of 11312?
2
What is the ten thousands digit of 10208?
1
What is the thousands digit of 7438?
7
What is the hundreds digit of 312?
3
What is the hundreds digit of 5995?
9
What is the hundreds digit of 70125?
1
What is the tens digit of 6124?
2
What is the tens digit of 5636?
3
What is the units digit of 2898?
8
What is the tens digit of 2165?
6
What is the thousands digit of 3034?
3
What is the units digit of 1906?
6
What is the thousands digit of 17448?
7
What is the units digit of 4403?
3
What is the tens digit of 58835?
3
What is the hundreds digit of 85166?
1
What is the tens digit of 4430?
3
What is the hundreds digit of 1977?
9
What is the hundreds digit of 23011?
0
What is the tens digit of 126?
2
What is the hundreds digit of 1416?
4
What is the